{"id":2,"date":"2021-04-25T10:23:04","date_gmt":"2021-04-25T10:23:04","guid":{"rendered":"https:\/\/test.hydra-community.de\/?page_id=2"},"modified":"2021-04-25T11:46:19","modified_gmt":"2021-04-25T11:46:19","slug":"sample-page","status":"publish","type":"page","link":"https:\/\/tel-clan.de\/","title":{"rendered":""},"content":{"rendered":"\n<p class=\"has-large-font-size\"><strong>Willkommen bei\u00a0<span style=\"color:#0000ff\" class=\"has-inline-color\">&lt;[<\/span><span style=\"color:#ff2536\" class=\"has-inline-color\">T<\/span><span style=\"color:#ffff00\" class=\"has-inline-color\">E<\/span><span style=\"color:#007e36\" class=\"has-inline-color\">L<\/span><span style=\"color:#0000ff\" class=\"has-inline-color\">]><\/span><\/strong><\/p>\n\n\n\n<p>Wir sind ein Multigaming Funclan, der sich urspr\u00fcnglich \u00fcber Call of Duty gefunden hat, sich aber \u00fcber die Jahre in den einzelnen CoD Titeln und anderen Spielen weiterentwickelt hat.<\/p>\n\n\n\n<p class=\"has-vivid-red-color has-text-color\">Das wichtigste Ziel ist der Spa\u00df am Spiel und ein vern\u00fcnftiger Umgangston!!!<\/p>\n","protected":false},"excerpt":{"rendered":"<p>Willkommen bei\u00a0&lt;[TEL]> Wir sind ein Multigaming Funclan, der sich urspr\u00fcnglich \u00fcber Call of Duty gefunden hat, sich aber \u00fcber die Jahre in den einzelnen CoD Titeln und anderen Spielen weiterentwickelt hat. Das wichtigste Ziel ist der Spa\u00df am Spiel und ein vern\u00fcnftiger Umgangston!!!<\/p>\n","protected":false},"author":1,"featured_media":0,"parent":0,"menu_order":0,"comment_status":"closed","ping_status":"open","template":"","meta":[],"_links":{"self":[{"href":"https:\/\/tel-clan.de\/index.php\/wp-json\/wp\/v2\/pages\/2"}],"collection":[{"href":"https:\/\/tel-clan.de\/index.php\/wp-json\/wp\/v2\/pages"}],"about":[{"href":"https:\/\/tel-clan.de\/index.php\/wp-json\/wp\/v2\/types\/page"}],"author":[{"embeddable":true,"href":"https:\/\/tel-clan.de\/index.php\/wp-json\/wp\/v2\/users\/1"}],"replies":[{"embeddable":true,"href":"https:\/\/tel-clan.de\/index.php\/wp-json\/wp\/v2\/comments?post=2"}],"version-history":[{"count":3,"href":"https:\/\/tel-clan.de\/index.php\/wp-json\/wp\/v2\/pages\/2\/revisions"}],"predecessor-version":[{"id":98,"href":"https:\/\/tel-clan.de\/index.php\/wp-json\/wp\/v2\/pages\/2\/revisions\/98"}],"wp:attachment":[{"href":"https:\/\/tel-clan.de\/index.php\/wp-json\/wp\/v2\/media?parent=2"}],"curies":[{"name":"wp","href":"https:\/\/api.w.org\/{rel}","templated":true}]}}